 of t**5/60 - 7*t**4/24 + 2*t**3/3 + t**2. Is 11 a factor of f(c)?
True
Suppose v = 2*v + 2*t + 12, -t = -v - 12. Does 2 divide (27/v)/(6/(-16))?
True
Let q = -3 + 8. Suppose -4*i + 2*z + z + 4 = 0, -q*i = -5*z. Is 4/1*26/i a multiple of 16?
False
Suppose -j - 2 + 8 = 0. Suppose 0 = k - j*k. Suppose k*p + 10 = p. Does 10 divide p?
True
Let s be 3*1/(-1 + 2). Suppose 0 = k, s*q + 5*k - k - 120 = 0. Does 8 divide q?
True
Suppose -6*m + 65 = -103. Is m a multiple of 28?
True
Suppose 4*h = -2*a - 2 - 6, 2*a - 2 = -2*h. Let b = a + 0. Is b a multiple of 2?
True
Suppose -2*r + 100 + 28 = 0. Is r a multiple of 18?
False
Is (-1 - -5)/(105/(-27) + 4) a multiple of 12?
True
Let q(r) = -r**2 + 11*r - 9. Let z be 0 + 1/((-1)/(-7)). Suppose 3*y + 5*o - z = 0, -22 = -3*y - 4*o - 11. Is 8 a factor of q(y)?
False
Let q(n) = -n**2 - 6*n - 1. Suppose 2*k + 26 = -2*k + 2*i, -5*k - 2*i = 19. Does 3 divide q(k)?
False
Suppose -204 = 2*t + 2*t. Let c = 81 + t. Is c a multiple of 6?
True
Suppose 3*k - 15 = -2*k. Let f = 32 - k. Suppose -5*h = -1 - f. Does 3 divide h?
True
Suppose -4*w - 2*i = -54, -5*w + 16 = -i - 48. Does 2 divide w?
False
Let m(o) = 4*o - 4. Let s = 4 + 1. Suppose s*j - 6 = 9. Is 8 a factor of m(j)?
True
Suppose -2100 = -3*g - 2*g. Is 35 a factor of g?
True
Suppose 624 = -x + 14*x. Does 6 divide x?
True
Let l(w) = w**2 + w. Let v be l(0). Suppose -5*f = -v*j - j - 41, 2*j + 10 = f. Is f a multiple of 4?
True
Let g be (-152)/6 + (-6)/(-18). Let z = g - -16. Is 2*2/(-6)*z a multiple of 4?
False
Let s(u) = -u**3 + 11*u**2 + u + 3. Let w(v) = 4*v**2 - 3*v**2 - 6 - 3*v - 1. Let b be w(6). Is s(b) a multiple of 12?
False
Suppose -279 + 39 = -3*c. Is c a multiple of 17?
False
Let y(v) = 11*v**3 + v**2. Let b be y(-1). Let a(o) = -o**2 + 1 - 10*o + 4 - 2 + 3. Is 6 a factor of a(b)?
True
Suppose 0 = -2*b + 3*a - 2, b + b + 3*a = 22. Suppose 0*u = -2*u - 2*h + 18, -35 = -b*u + 5*h. Is u a multiple of 4?
True
Suppose -46 = -3*o + 11. Suppose 0 = -9*s + 8*s + o. Is 14 a factor of s?
False
Suppose -4*j = -8*j + 32. Suppose 12*a - j*a = 84. Is a a multiple of 21?
True
Let x = 3 - -1. Is 3 + x + -4 + 4 a multiple of 7?
True
Let w(d) = -d**2 - 2*d + 80. Does 20 divide w(0)?
True
Suppose 2*p - 7 = -3. Suppose -74 = -p*z + 86. Is 16 a factor of z?
True
Let a be 1/((-3)/(-6))*-1. Let d(k) = k**2 + k. Let p be d(a). Suppose 0 = 2*b + 4*f - 54, 3*b = -p*b - 3*f + 170. Is b a multiple of 12?
False
Does 6 divide -10*(4/(-5) - 1)?
True
Suppose -582 = -5*w + 138. Let b(y) = -y**2 + 12*y + 18. Let s be b(13). Suppose -2*v = -s*v + w. Is v a multiple of 13?
False
Let s(l) be the second derivative of l**4/4 + l**3/6 + 2*l. Is s(2) a multiple of 7?
True
Let a(f) = 2*f**2 + f - 1. Let g be (0 - -1)*(2 - 0). Is a(g) a multiple of 9?
True
Suppose 351 = 3*r - 3*d, 3*r - 123 = 2*r - d. Does 20 divide r?
True
Let b(l) be the second derivative of -3*l**3/2 - 2*l. Does 12 divide b(-2)?
False
Let p(t) = -t**3 + 3*t**2 + 2*t + 2. Suppose -4*q = -4*w + 112, -4*w + 3*q + 103 = 2*q. Suppose -3*a = -2*b, -w = -5*b + a - 6*a. Is 4 a factor of p(b)?
True
Let m = -1 - -5. Suppose -x = -m*x + 87. Is 5 a factor of x?
False
Let k(v) be the first derivative of -15*v**2/2 + 4*v + 1. Let q be k(-4). Suppose -n = n - q. Is n a multiple of 16?
True
Let m(b) = 10*b**2 + 4*b - 3. Let h be m(2). Suppose -5*g + 65 = -h. Is 11 a factor of g?
True
Suppose -62 - 8 = -5*l. Does 7 divide l?
True
Let x(q) = 9*q**2 - 2*q. Suppose 2*c = 3*c + 2. Is 20 a factor of x(c)?
True
Let v(j) = 2*j**2 + 0*j + j + 4*j**3 - 5*j**3 - 3. Suppose 0 = 13*d - 11*d + 6. Is v(d) a multiple of 14?
False
Let y(p) = -4*p - 2. Let g = 7 - 0. Let c = g + -15. Is y(c) a multiple of 15?
True
Let c(m) = -m**3 + m + 4. Let s be c(3). Is 13 a factor of (16/s)/((-2)/90)?
False
Let l = -17 - 10. Let j = l + 54. Does 11 divide j?
False
Let f be -1 + 2 + 0 - 4. Let o = -4 - f. Is 13 a factor of 4/6*(37 + o)?
False
Let f = 23 - -27. Let b = -9 + f. Suppose -h + 4*d + b = 0, -3*h + d = 3*d - 137. Is h a multiple of 13?
False
Suppose -3*b = -2*b - 1. Let o(m) = 3*m**3 - 2*m**2 + 2*m - 1. Let n be o(b). Is 3 a factor of (9 - 5)/(1/n)?
False
Let n = -20 + 14. Let t(w) = -4*w - 2. Is 8 a factor of t(n)?
False
Suppose -515 = -0*q + 5*q. Is -4 - (q + (1 - 0)) a multiple of 25?
False
Suppose 5*y - 35 = 4*m - 7, 0 = -2*y - 4*m. Suppose 9*n = 4*n - 4*v + 62, 3*n + y*v = 34. Does 7 divide n?
True
Suppose 21*q - 22*q + 56 = 0. Is 28 a factor of q?
True
Let c be (0 + -3 + 2)/1. Let j(f) = 4*f**2 + f + 1. Let a be j(c). Is (14/(-5))/(a/(-10)) a multiple of 6?
False
Let b = 45 + 74. Is 13 a factor of b?
False
Suppose 0 = -2*f - 3*f - 2*l - 4, 0 = f - l + 5. Let b(a) = a**3 + 4*a**2 + 2*a - 1. Let u be b(f). Suppose 0 = u*x - x - 4. Is 2 a factor of x?
True
Suppose -3*o + 5 + 46 = 0. Suppose 0 = -o*y + 12*y + 45. Is y a multiple of 5?
False
Suppose h = 3*a - 1049, 0*a = 2*a + 2*h - 710. Is a a multiple of 45?
False
Let q = 108 - -84. Is 16 a factor of q?
True
Let f(g) = -g**3 - 1. Let w(m) = 5*m**3 - 8*m**2 - 2*m + 7. Let y(b) = -6*f(b) - w(b). Does 17 divide y(-7)?
True
Let m(g) = -11*g. Let w be m(-3). Let o = w + -17. Does 7 divide o?
False
Let q(v) = 4*v**2 - 2*v - 2. Let l be q(2). Suppose -4*u + 4*b = -124, 163 = 5*u - 3*b + l. Does 11 divide u?
False
Suppose -14 + 154 = i. Is 25 a factor of i?
False
Let p = -11 - -50. Let u be (-3)/(-3)*(-1 - -2). Let y = p - u. Does 19 divide y?
True
Suppose 3 = -c - 0. Let m = 14 + c. Is m a multiple of 5?
False
Let f(z) = 8*z**2 + 3*z + 2. Does 19 divide f(2)?
False
Let x(o) = 15*o - 2*o**3 + 10*o**2 - 6 - 18*o + 3*o**3. Does 6 divide x(-10)?
True
Suppose 3*x = 3*t - 78, -2*x - 74 = -3*t - x. Is 22 a factor of t?
False
Suppose -4*y - 5*h = -y - 22, 3*h - 2 = y. Let z be y*((-15)/(-6) + -2). Is 2 a factor of 1*z/((-4)/(-10))?
False
Suppose -2*x + 7 = 1. Let k be 1/(0 + x/(-15)). Let f = 13 + k. Does 8 divide f?
True
Let g = 2 - 6. Let k be ((-14)/g)/((-2)/(-32)). Suppose 0*t + k = 4*t. Does 14 divide t?
True
Suppose 2*y = 2, -n + 91 = n - 3*y. Is n a multiple of 8?
False
Let i(o) = 5*o - o**2 + 1 + 2 - o - 2*o. Let p be i(3). Does 8 divide 21 - 0 - (0 + p)?
False
Suppose -r + 11 = g - 8, -r - 81 = -4*g. Is 6 a factor of g?
False
Suppose r - 2*g = -3 - 5, 5*r + 5*g = 35. Suppose r*k = -3*k. Suppose k*v + 4*v = 72. Is 9 a factor of v?
True
Let d(a) = a**2 - a - 1. Let z(o) = 4*o**3 + 3*o**2 - 4*o - 6. Let u(i) = -5*d(i) + z(i). Let j(q) = 3*q**2 - q. Let t be j(1). Is u(t) a multiple of 11?
False
Let f(t) = t**3 + 6*t**2 - 8*t + 3. Let b be f(-7). Does 6 divide b/(-35) - 156/(-7)?
False
Suppose -21*c + 25*c - 400 = 0. Is 25 a factor of c?
True
Let k(l) = l**3 - 9*l**2 - 10*l + 2. Let h be k(10). Suppose -3*v = -5*v + 2. Is 3 a factor of 14/h*v*1?
False
Let l = 2 + 1. Suppose -l*v + 20 = -7. Suppose -v = -4*w + 7. Is 2 a factor of w?
True
Suppose -13 = -4*u + 19. Let h = -6 + u. Let o = h + 1. Is 2 a factor of o?
False
Let v be (-8 - 2) + -2 + 4. Is -1*(0 + 2 + v) a multiple of 6?
True
Suppose 4*m - 155 - 21 = 0. Does 11 divide m?
True
Suppose -3 = -2*z + z. Suppose 3*s - 8 - 1 = 0, -31 = -2*i - z*s. Suppose -3*p + 5*o + i = 0, -4*p = 5*o - 2*o - 34. Is p a multiple of 7?
True
Let z = 24 + 6. Suppose -3*a = -3*u - z, 0 = -4*a + 2*u + 60 - 10. Is 5 a factor of a?
True
Let g = -10 + 13. Suppose g*t + f + 4*f - 173 = 0, -3*f + 216 = 4*t. Is 17 a factor of t?
True
Suppose 2*t = -2*t + 8, -64 = -2*d - 5*t. Is d a multiple of 9?
True
Let j be (-2 + 1)/(1/(-68)). Let f = j + -34. Suppose 2*n = n + f. Is n a multiple of 17?
True
Let z = -46 + 110. Does 36 divide z?
False
Let c be (-8)/(-6)*3 - 2. Suppose 0 = n + 4*a - 8, 11 = 3*n + a - c. Is n a multiple of 4?
True
Does 9 divide ((-1)/((-12)/(-68)))/((-2)/24)?
False
Let q be (-9)/(-1) + 4 + 1. Let f = q + -11. Is 2 a factor of f?
False
Let w be (0/1)/(-2) + 5. Suppose 12 = r + w*u, -5*r + u = -0*u + 18. Let b(a) = 6*a**2 - 5*a - 3. Is b(r) a multiple of 23?
False
Suppose 2*y - 42 = y. Is y a multiple of 6?
True
Suppose -2 = u - 52. Is 25 a factor of u?
True
Let i = -300 + 578. Is i a multiple of 41?
False
Suppose -l + 0*l = -18. Suppose -3*f + 6 = 4*x - 0, 0 = f - 4*x - l. Is 5 a factor of f?
False
Let v be 1 + 2 + 7/(-7). Let w(b) = 5*b**3 + b**2 + 2*b. Is w(v) a multiple o